base 10) in base 4?
132
Convert 2 (base 13) to base 14.
2
Convert -1 (base 12) to base 6.
-1
3 (base 10) to base 14
3
Convert -11110000 (base 2) to base 12.
-180
Convert 0 (base 2) to base 11.
0
-64 (base 15) to base 2
-1011110
-2a (base 11) to base 16
-20
Convert -215 (base 9) to base 16.
-b0
7 (base 13) to base 15
7
-13 (base 16) to base 13
-16
What is 90 (base 10) in base 13?
6c
0 (base 11) to base 12
0
What is -4 (base 12) in base 14?
-4
What is 8 (base 14) in base 10?
8
-41 (base 15) to base 14
-45
What is 28 (base 13) in base 8?
42
Convert 42 (base 14) to base 3.
2011
What is -413 (base 5) in base 15?
-73
What is 1 (base 5) in base 11?
1
-7 (base 13) to base 10
-7
What is -110 (base 4) in base 10?
-20
Convert -9 (base 14) to base 11.
-9
What is 243 (base 5) in base 10?
73
Convert -26 (base 12) to base 5.
-110
What is -1 (base 2) in base 16?
-1
-30 (base 12) to base 8
-44
What is -6 (base 8) in base 9?
-6
What is -11111 (base 2) in base 6?
-51
42 (base 15) to base 5
222
What is -63 (base 15) in base 3?
-10110
What is -14 (base 12) in base 8?
-20
Convert 4 (base 12) to base 7.
4
Convert -43 (base 14) to base 6.
-135
What is 1 (base 5) in base 16?
1
-4 (base 8) to base 7
-4
-21 (base 6) to base 16
-d
23 (base 7) to base 13
14
What is -101011 (base 2) in base 14?
-31
3 (base 15) to base 3
10
Convert -13a (base 11) to base 13.
-c8
Convert 61 (base 12) to base 7.
133
-10 (base 2) to base 13
-2
Convert 13 (base 6) to base 5.
14
What is 6b (base 13) in base 7?
155
What is -7 (base 11) in base 4?
-13
-21 (base 3) to base 2
-111
-2 (base 16) to base 6
-2
What is 101 (base 2) in base 14?
5
What is 1 (base 6) in base 16?
1
-111 (base 3) to base 9
-14
-2 (base 6) to base 4
-2
What is -2 (base 8) in base 5?
-2
What is -410 (base 8) in base 3?
-100210
Convert -95 (base 11) to base 15.
-6e
What is 79 (base 13) in base 5?
400
Convert -22 (base 10) to base 4.
-112
Convert 4 (base 12) to base 8.
4
What is 312 (base 7) in base 8?
234
Convert 10 (base 3) to base 7.
3
Convert -4 (base 7) to base 5.
-4
Convert 13 (base 10) to base 4.
31
Convert 3 (base 16) to base 7.
3
211 (base 7) to base 2
1101010
What is -5 (base 10) in base 14?
-5
2 (base 16) to base 4
2
Convert -101 (base 14) to base 16.
-c5
What is -7 (base 9) in base 5?
-12
What is -32 (base 5) in base 4?
-101
-150 (base 9) to base 10
-126
-442 (base 6) to base 11
-145
Convert 43 (base 6) to base 2.
11011
15 (base 11) to base 9
17
Convert -11 (base 2) to base 16.
-3
Convert -69 (base 10) to base 15.
-49
4 (base 9) to base 7
4
Convert 4 (base 16) to base 4.
10
-2 (base 9) to base 8
-2
Convert 4 (base 6) to base 16.
4
-10021 (base 4) to base 5
-2030
Convert -66 (base 9) to base 12.
-50
What is -2021 (base 3) in base 10?
-61
-4 (base 6) to base 14
-4
-2 (base 9) to base 6
-2
What is -2 (base 10) in base 2?
-10
6 (base 10) to base 6
10
What is 3 (base 6) in base 5?
3
36 (base 14) to base 3
1210
6 (base 15) to base 13
6
Convert -57 (base 10) to base 16.
-39
Convert -1 (base 9) to base 3.
-1
-2 (base 12) to base 13
-2
What is 30 (base 14) in base 4?
222
-1011111 (base 2) to base 6
-235
What is -11 (base 13) in base 11?
-13
40 (base 9) to base 6
100
What is -110 (base 3) in base 5?
-22
Convert 6 (base 11) to base 4.
12
47 (base 8) to base 9
43
What is 3 (base 12) in base 7?
3
Convert 3 (base 7) to base 9.
3
What is -112 (base 6) in base 5?
-134
-4 (base 12) to base 10
-4
What is -110 (base 6) in base 15?
-2c
What is -3020 (base 4) in base 6?
-532
What is -82 (base 15) in base 4?
-1322
-8 (base 13) to base 11
-8
Convert 3 (base 6) to base 15.
3
What is -101 (base 2) in base 4?
-11
What is -3100 (base 4) in base 9?
-251
5 (base 9) to base 11
5
-32 (base 8) to base 2
-11010
What is 0 (base 3) in base 15?
0
What is -115 (base 7) in base 11?
-56
What is -23 (base 4) in base 2?
-1011
-c5 (base 16) to base 15
-d2
What is 2 (base 10) in base 3?
2
-5 (base 15) to base 11
-5
Convert -69 (base 12) to base 3.
-10000
Convert 3 (base 11) to base 8.
3
What is 1010 (base 2) in base 12?
a
Convert 20 (base 9) to base 10.
18
Convert -133 (base 5) to base 2.
-101011
24 (base 11) to base 7
35
Convert 229 (base 10) to base 3.
22111
Convert 5f (base 16) to base 3.
10112
Convert -31 (base 7) to base 13.
-19
Convert 54 (base 7) to base 5.
124
Convert 11 (base 6) to base 3.
21
9 (base 11) to base 6
13
-1 (base 14) to base 2
-1
What is -154 (base 10) in base 8?
-232
Convert 11 (base 11) to base 9.
13
8 (base 9) to base 6
12
What is 2 (base 16) in base 12?
2
What is -100 (base 2) in base 8?
-4
-7 (base 16) to base 4
-13
13 (base 5) to base 4
20
What is 2 (base 9) in base 5?
2
Convert 327 (base 9) to base 14.
152
Convert 4 (base 6) to base 5.
4
What is -1 (base 12) in base 10?
-1
-137 (base 9) to base 10
-115
Convert 15 (base 8) to base 9.
14
-1d (base 14) to base 2
-11011
Convert -112 (base 6) to base 5.
-134
Convert 2 (base 15) to base 5.
2
16 (base 12) to base 9
20
10 (base 5) to base 8
5
What is -1 (base 6) in base 14?
-1
-10 (base 8) to base 13
-8
Convert 88 (base 14) to base 9.
143
Convert -3b (base 12) to base 5.
-142
-b3 (base 15) to base 13
-cc
-4 (base 13) to base 3
-11
-10 (base 4) to base 11
-4
Convert -2 (base 4) to base 8.
-2
What is 0 (base 2) in base 8?
0
What is -101 (base 2) in base 5?
-10
Convert -322 (base 7) to base 8.
-243
Convert -1 (base 11) to base 9.
-1
What is -7 (base 10) in base 13?
-7
Convert -61 (base 15) to base 16.
-5b
Convert -55 (base 6) to base 14.
-27
What is 44 (base 9) in base 5?
130
31 (base 13) to base 8
50
What is 1 (base 4) in base 3?
1
What is 358 (base 9) in base 7?
602
4 (base 16) to base 8
4
Convert -1 (base 8) to base 13.
-1
10100 (base 3) to base 14
66
Convert 33 (base 4) to base 5.
30
-1000 (base 2) to base 16
-8
93 (base 10) to base 4
1131
-30 (base 5) to base 11
-14
-101111 (base 2) to base 10
-47
What is -78 (base 9) in base 14?
-51
What is -4 (base 12) in base 16?
-4
What is -23 (base 5) in base 15?
-d
Convert 2221 (base 3) to base 4.
1033
What is -2 (base 14) in base 6?
-2
Convert 3 (base 16) to base 14.
3
What is -1 (base 16) in base 4?
-1
Convert -12121 (base 3) to base 2.
-10010111
What is -3 (base 10) in base 3?
-10
What is 10101000 (base 2) in base 3?
20020
What is 4a (base 12) in base 6?
134
What is -2 (base 8) in base 3?
-2
11 (base 3) to base 13
4
Convert 9 (base 12) to base 3.
100
Convert -12 (base 13) to base 6.
-23
What is 42 (base 14) in base 4?
322
3 (base 5) to base 10
3
What is 3 (base 9) in base 15?
3
What is -34 (base 7) in base 12?
-21
Convert 68 (base 10) to base 4.
1010
-102 (base 3) to base 7
-14
What is -110 (base 15) in base 6?
-1040
-61 (base 13) to base 5
-304
-2 (base 4) to base 9
-2
What is -43 (base 9) in base 13?
-30
10 (base 3) to base 4
3
Convert 10 (base 8) to base 6.
12
What is -b (base 15) in base 8?
-13
What is 12110 (base 3) in base 16?
93
-3 (base 13) to base 12
-3
22 (base 5) to base 10
12
What is -110 (base 8) in base 6?
-200
What is 201 (base 3) in base 13?
16
What is 236 (base 11) in base 6?
1145
What is -4 (base 15) in base 6?
-4
100 (base 3) to base 5
14
What is -11 (base 10) in base 16?
-b
-22 (base 9) to base 11
-19
1134 (base 5) to base 7
331
-10 (base 12) to base 7
-15
Convert 1 (base 12) to base 11.
1
2 (base 8) to base 10
2
-c (base 15) to base 16
-c
25 (base 7) to base 14
15
What is -120 (base 3) in base 4?
-33
Convert 10 (base 8) to base 13.
8
Convert -111 (base 3) to base 7.
-16
Convert 1 (base 9) to base 5.
1
What is 0 (base 8) in base 3?
0
What is -6 (base 14) in base 4?
-12
108 (base 9) to base 13
6b
Convert -3 (base 5) to base 8.
-3
Convert -10100010 (base 2) to base 16.
-a2
What is -50 (base 15) in base 7?
-135
Convert -11010 (base 4) to base 16.
-144
What is -1 (base 12) in base 14?
-1
Convert -10a (base 12) to base 10.
-154
0 (base 10) to base 7
0
Convert -1 (base 5) to base 8.
-1
a (base 14) to base 4
22
2 (base 15) to base 12
2
What is -1 (base 2) in base 4?
-1
Convert 3 (base 13) to base 3.
10
0 (base 14) to base 12
0
14 (base 13) to base 8
21
5 (base 8) to base 13
5
-3 (base 5) to base 9
-3
What is 110001 (base 2) in base 15?
34
Convert 1355 (base 6) to base 11.
2a7
-3 (base 9) to base 10
-3
11 (base 3) to base 10
4
20 (base 14) to base 4
130
What is 3f (base 16) in base 10?
63
Convert 1001 (base 3) to base 9.
31
What